{"id":418,"date":"2019-09-13T12:42:20","date_gmt":"2019-09-13T10:42:20","guid":{"rendered":"http:\/\/artsinhealthfoundation.org\/web\/?page_id=418"},"modified":"2024-01-13T13:21:17","modified_gmt":"2024-01-13T11:21:17","slug":"conceptes-principals","status":"publish","type":"page","link":"http:\/\/artsinhealthfoundation.org\/web\/les-arts-en-la-salut-arts-in-health\/conceptes-principals\/","title":{"rendered":"Conceptes principals"},"content":{"rendered":"<p>&#8220;Arts en salut&#8221; \u00e9s un concepte ampli basat en l&#8217;\u00fas de les arts, la cultura i el patrimoni per millorar la salut i el benestar de les persones en diferents contextos i oportunitats. Aquest punt de vista assumeix la integraci\u00f3 de les arts, el patrimoni i les humanitats (arts visuals, m\u00fasica, dansa, teatre, literatura, pensament, etc.) en la gesti\u00f3 de la salut de les persones i les comunitats. El concepte pret\u00e9n avan\u00e7ar en la materialitzaci\u00f3 dels beneficis potencials de les arts tot integrant-los en els processos assistencials de salut, ja siguin aquests de prevenci\u00f3, de promoci\u00f3 de la salut o de tractament i rehabilitaci\u00f3 de patologies espec\u00edfiques.<\/p>\n<p><span style=\"font-weight: 400;\">Incorporar les arts a les eines que tenim per afrontar els reptes de salut de la comunitat no \u00e9s un exercici senzill. Cal tenir un marc conceptual clar i desenvolupar diferents metodologies basades en l&#8217;evid\u00e8ncia que garanteixin projectes efectius, segurs i enriquidors. \u00c9s fonamental posar especial \u00e8mfasi en el rigor metodol\u00f2gic i l&#8217;evid\u00e8ncia cient\u00edfica de les intervencions i articular-les a partir de l&#8217;objectiu te\u00f2ric dels resultats de salut esperats, indicadors adequats i eines d&#8217;avaluaci\u00f3 s\u00f2lides.<\/span><\/p>\n<p><span style=\"font-weight: 400;\">La metodologia que segueixen les intervencions i projectes d\u2019arts en salut cal que tinguin uns requisits b\u00e0sics, que s\u00f3n:<\/span><\/p>\n<ul>\n<li style=\"font-weight: 400;\" aria-level=\"1\"><span style=\"font-weight: 400;\">Objectiu de salut clarament definit<\/span><\/li>\n<li style=\"font-weight: 400;\" aria-level=\"1\"><span style=\"font-weight: 400;\">Cocreaci\u00f3 entre personal sanitari i professionals de les arts i la cultura<\/span><\/li>\n<li style=\"font-weight: 400;\" aria-level=\"1\"><span style=\"font-weight: 400;\">Participaci\u00f3<\/span><\/li>\n<li style=\"font-weight: 400;\" aria-level=\"1\"><span style=\"font-weight: 400;\">Avaluaci\u00f3: es busca l\u2019evid\u00e8ncia cient\u00edfica de les intervencions a trav\u00e9s d\u2019avaluaci\u00f3\u00a0\u00a0<\/span><\/li>\n<li style=\"font-weight: 400;\" aria-level=\"1\"><span style=\"font-weight: 400;\">Comunicaci\u00f3: publicar els resultats dels estudis\u00a0 \u00a0 <\/span><\/li>\n<\/ul>\n<p><strong>Actius per a la salut:<\/strong> qualsevol factor o recurs que potencia la capacitat de les persones, les comunitats i les poblacions per mantenir la salut i el benestar. La conceptualitzaci\u00f3 dels actius per a la salut segueix la l\u00f2gica de fer f\u00e0cils i accessibles les opcions sanes, orientades al benestar, al creixement i envelliment saludables.<\/p>\n<p><strong>Salut comunit\u00e0ria:<\/strong> \u00e9s l&#8217;expressi\u00f3 col\u00b7lectiva de la salut d&#8217;una comunitat definida, determinada per la interacci\u00f3 entre les caracter\u00edstiques de les persones, les fam\u00edlies, l&#8217;entorn social, cultural i mediambiental, aix\u00ed com pels serveis sanitaris i la influ\u00e8ncia dels factors socials, pol\u00edtics i globals. Una intervenci\u00f3 comunit\u00e0ria en salut es defineix com una acci\u00f3 presa amb i des de la comunitat a trav\u00e9s d&#8217;un proc\u00e9s de participaci\u00f3.<\/p>\n<p><strong>Model d&#8217;actius comunitaris:<\/strong> metodologia d\u2019intervenci\u00f3 en salut comunit\u00e0ria que posa l&#8217;accent en el desenvolupament de pol\u00edtiques i activitats basades en les habilitats, habilitats i recursos de les persones i barris desafavorits. Aquest m\u00e8tode pret\u00e9n identificar el mapa d&#8217;actius o les fortaleses de la comunitat per descobrir les capacitats individuals, col\u00b7lectives i mediambientals i els talents existents en el context.<\/p>\n<p><strong>Prescripci\u00f3 social:<\/strong> permet a metges, infermeres i altres professionals sanitaris adre\u00e7ar els pacients a una s\u00e8rie de serveis comunitaris no cl\u00ednics. Aquest enfocament assistencial parteix del reconeixent que la salut de les persones est\u00e0 determinada principalment per una s\u00e8rie de factors socials, econ\u00f2mics i mediambientals; La prescripci\u00f3 social pret\u00e9n abordar les necessitats de les persones d&#8217;una manera hol\u00edstica tot donant-los suport per tenir un major control de la seva pr\u00f2pia salut. Les accions de prescripci\u00f3 social poden implicar una varietat d&#8217;activitats que s\u00f3n t\u00edpicament proporcionades per les organitzacions comunit\u00e0ries: activitats art\u00edstiques, projectes de voluntariat, aprenentatge en grup, jardineria, cuina i un ampli ventall d\u2019activitats esportives.<\/p>\n<p>&nbsp;<\/p>\n<p><!--more--><strong>Per saber-ne m\u00e9s<\/strong><br \/>\nActius per a la salut:<\/p>\n<p style=\"padding-left: 30px;\">Morgan, A., &amp; Ziglio, E. (2007). Revitalising the evidence base for public health: An assets model. Promotion &amp; Education, 14, 17-22<\/p>\n<p>Salut comunit\u00e0ria:<\/p>\n<p style=\"padding-left: 30px;\">Goodman RA, Bunnell R, Posner SF (October 2014). &#8220;What is &#8220;community health&#8221;? Examining the meaning of an evolving field in public health&#8221;. Preventive Medicine. 67 Suppl 1: S58\u201361.<\/p>\n<p>Model d\u2019actius comunitaris:<\/p>\n<p style=\"padding-left: 30px;\">Kretzman, J.P., &amp; Mcknight, J.L. (1993). Building Communities from the Inside Out: a Path Toward Finding and Mobilizing a Community Assets. Chicago, Illinois: ACTA P\u00fablications.<\/p>\n<p>Prescripci\u00f3 social<\/p>\n<p style=\"padding-left: 30px;\">The King\u2019s Fund. (2017). What is social prescribing?. https:\/\/www.kingsfund.org.uk\/publications\/social-prescribing.<\/p>\n","protected":false},"excerpt":{"rendered":"<p>&#8220;Arts en salut&#8221; \u00e9s un concepte ampli basat en l&#8217;\u00fas de les arts, la cultura i el patrimoni per millorar&hellip;<\/p>\n","protected":false},"author":2,"featured_media":0,"parent":409,"menu_order":0,"comment_status":"closed","ping_status":"closed","template":"","meta":{"footnotes":""},"class_list":["post-418","page","type-page","status-publish","hentry"],"_links":{"self":[{"href":"http:\/\/artsinhealthfoundation.org\/web\/wp-json\/wp\/v2\/pages\/418","targetHints":{"allow":["GET"]}}],"collection":[{"href":"http:\/\/artsinhealthfoundation.org\/web\/wp-json\/wp\/v2\/pages"}],"about":[{"href":"http:\/\/artsinhealthfoundation.org\/web\/wp-json\/wp\/v2\/types\/page"}],"author":[{"embeddable":true,"href":"http:\/\/artsinhealthfoundation.org\/web\/wp-json\/wp\/v2\/users\/2"}],"replies":[{"embeddable":true,"href":"http:\/\/artsinhealthfoundation.org\/web\/wp-json\/wp\/v2\/comments?post=418"}],"version-history":[{"count":7,"href":"http:\/\/artsinhealthfoundation.org\/web\/wp-json\/wp\/v2\/pages\/418\/revisions"}],"predecessor-version":[{"id":1034,"href":"http:\/\/artsinhealthfoundation.org\/web\/wp-json\/wp\/v2\/pages\/418\/revisions\/1034"}],"up":[{"embeddable":true,"href":"http:\/\/artsinhealthfoundation.org\/web\/wp-json\/wp\/v2\/pages\/409"}],"wp:attachment":[{"href":"http:\/\/artsinhealthfoundation.org\/web\/wp-json\/wp\/v2\/media?parent=418"}],"curies":[{"name":"wp","href":"https:\/\/api.w.org\/{rel}","templated":true}]}}