{"id":409,"date":"2019-09-13T12:26:52","date_gmt":"2019-09-13T10:26:52","guid":{"rendered":"http:\/\/artsinhealthfoundation.org\/web\/?page_id=409"},"modified":"2019-09-13T12:26:52","modified_gmt":"2019-09-13T10:26:52","slug":"les-arts-en-la-salut-arts-in-health","status":"publish","type":"page","link":"https:\/\/artsinhealthfoundation.org\/ext\/les-arts-en-la-salut-arts-in-health\/","title":{"rendered":"Arts en Salut (Arts in Health)"},"content":{"rendered":"<p>En les darreres d\u00e8cades el sector salut ha explorat intensament les contribucions de les Arts en el tractament de les malalties i en les intervencions de prevenci\u00f3 i promoci\u00f3 de la salut.<\/p>\n<p>Aquest inter\u00e8s parteix de la visi\u00f3 hol\u00edstica i biopsicosocial que va ser impulsada per l\u2019OMS amb una definici\u00f3 que ha esdevingut paradigm\u00e0tica: \u201cSalut \u00e9s un estat de benestar f\u00edsic complert, mental i social, i no solament l\u2019abs\u00e8ncia d\u2019afeccions o malalties\u201d.<\/p>\n<p>Entenem el moviment de les Arts en la salut com un ventall molt ampli d\u2019activitats que el sector art\u00edstic i l\u2019entorn comunitari posen a disposici\u00f3 dels professionals de la salut a l\u2019hora d\u2019abordar una patologia concreta: ja siguin com a intervencions en un pla terap\u00e8utic o en les seves activitats de prevenci\u00f3 i promoci\u00f3 de la salut d\u2019una poblaci\u00f3.<\/p>\n<hr \/>\n<p>Per con\u00e8ixer l&#8217;estat de la q\u00fcesti\u00f3 de l&#8217;\u00e0mbit de les Arts en Salut (<em>Arts in Health<\/em>) recomanem aquest recurs de l&#8217;Organitzaci\u00f3 Mundial de la Salut (OMS):<\/p>\n<p><strong><em><a href=\"https:\/\/www.euro.who.int\/en\/publications\/abstracts\/what-is-the-evidence-on-the-role-of-the-arts-in-improving-health-and-well-being-a-scoping-review-2019\" target=\"_blank\" rel=\"noopener\"><img data-recalc-dims=\"1\" loading=\"lazy\" decoding=\"async\" class=\"alignleft wp-image-609 size-medium\" src=\"https:\/\/i0.wp.com\/artsinhealthfoundation.org\/web\/wp-content\/uploads\/2020\/11\/evidence_arts_in_health_who-300x163.png?resize=300%2C163\" alt=\"\" width=\"300\" height=\"163\" \/><\/a>What is the evidence on the role of the arts in improving health and well-being? A scoping review<\/em>\u00a0<\/strong><br \/>\nDaisy Fancourt, Saoirse Finn<br \/>\nHealth Evidence Network synthesis report 67, 2019<br \/>\nWorld Health Organization<\/p>\n<p><a href=\"http:\/\/www.euro.who.int\/en\/publications\/abstracts\/what-is-the-evidence-on-the-role-of-the-arts-in-improving-health-and-well-being-a-scoping-review-2019\" target=\"_blank\" rel=\"noopener\">enlla\u00e7 al document PDF descarregable<\/a><\/p>\n<p>Per una revisi\u00f3 cr\u00edtica del Report, podeu consultar Clift, Stephen. (2020). Fancourt, D. and Finn, S. (2019) What is the evidence on the role of the arts in improving health and well-being? A scoping review.\u00abNordic Journal of Arts, Culture and Health\u00bb. Vol. 2. No. 1 p. 77-83\u00a0 [<a href=\"https:\/\/www.idunn.no\/nordic_journal_of_arts_culture_and_health\/2020\/01\/fancourt_d_and_finn_s_2019_what_is_the_evidence_on_t\" target=\"_blank\" rel=\"noopener\">enlla\u00e7<\/a>]<\/p>\n<hr \/>\n<p>&nbsp;<\/p>\n<pre><strong>M\u00e9s<\/strong> recursos:\n\n<a href=\"http:\/\/artsinhealthfoundation.org\/web\/arts-i-salut\/conceptes-principals\/\">Conceptes<\/a><a href=\"http:\/\/artsinhealthfoundation.org\/web\/arts-i-salut\/conceptes-principals\/\"> Principals<\/a>\n\n<a href=\"http:\/\/artsinhealthfoundation.org\/web\/arts-i-salut\/taxonomia-dintervencions\/\">Arts in Health: taxonomia d'intervencions<\/a>\n\n<a href=\"https:\/\/www.artshealthresources.org.uk\/\" target=\"_blank\" rel=\"noopener\">Repository for Arts and Health Resource<\/a>\nSidney De Haan Research Centre for Arts and Health (UK)<\/pre>\n","protected":false},"excerpt":{"rendered":"<p>En les darreres d\u00e8cades el sector salut ha explorat intensament les contribucions de les Arts en el tractament de les &hellip; <\/p>\n","protected":false},"author":2,"featured_media":400,"parent":0,"menu_order":1,"comment_status":"closed","ping_status":"closed","template":"","meta":{"nf_dc_page":"","om_disable_all_campaigns":false,"footnotes":""},"class_list":["post-409","page","type-page","status-publish","has-post-thumbnail","hentry"],"yoast_head":"<!-- This site is optimized with the Yoast SEO plugin v27.5 - https:\/\/yoast.com\/product\/yoast-seo-wordpress\/ -->\n<title>Arts en Salut (Arts in Health) - Arts in Health International Foundation<\/title>\n<meta name=\"robots\" content=\"index, follow, max-snippet:-1, max-image-preview:large, max-video-preview:-1\" \/>\n<link rel=\"canonical\" href=\"https:\/\/artsinhealthfoundation.org\/ext\/les-arts-en-la-salut-arts-in-health\/\" \/>\n<meta property=\"og:locale\" content=\"en_US\" \/>\n<meta property=\"og:type\" content=\"article\" \/>\n<meta property=\"og:title\" content=\"Arts en Salut (Arts in Health) - Arts in Health International Foundation\" \/>\n<meta property=\"og:description\" content=\"En les darreres d\u00e8cades el sector salut ha explorat intensament les contribucions de les Arts en el tractament de les &hellip;\" \/>\n<meta property=\"og:url\" content=\"https:\/\/artsinhealthfoundation.org\/ext\/les-arts-en-la-salut-arts-in-health\/\" \/>\n<meta property=\"og:site_name\" content=\"Arts in Health International Foundation\" \/>\n<meta name=\"twitter:card\" content=\"summary_large_image\" \/>\n<meta name=\"twitter:label1\" content=\"Est. reading time\" \/>\n\t<meta name=\"twitter:data1\" content=\"1 minute\" \/>\n<script type=\"application\/ld+json\" class=\"yoast-schema-graph\">{\"@context\":\"https:\\\/\\\/schema.org\",\"@graph\":[{\"@type\":\"WebPage\",\"@id\":\"https:\\\/\\\/artsinhealthfoundation.org\\\/ext\\\/les-arts-en-la-salut-arts-in-health\\\/\",\"url\":\"https:\\\/\\\/artsinhealthfoundation.org\\\/ext\\\/les-arts-en-la-salut-arts-in-health\\\/\",\"name\":\"Arts en Salut (Arts in Health) - Arts in Health International Foundation\",\"isPartOf\":{\"@id\":\"https:\\\/\\\/artsinhealthfoundation.org\\\/ext\\\/#website\"},\"primaryImageOfPage\":{\"@id\":\"https:\\\/\\\/artsinhealthfoundation.org\\\/ext\\\/les-arts-en-la-salut-arts-in-health\\\/#primaryimage\"},\"image\":{\"@id\":\"https:\\\/\\\/artsinhealthfoundation.org\\\/ext\\\/les-arts-en-la-salut-arts-in-health\\\/#primaryimage\"},\"thumbnailUrl\":\"\",\"datePublished\":\"2019-09-13T10:26:52+00:00\",\"breadcrumb\":{\"@id\":\"https:\\\/\\\/artsinhealthfoundation.org\\\/ext\\\/les-arts-en-la-salut-arts-in-health\\\/#breadcrumb\"},\"inLanguage\":\"en-US\",\"potentialAction\":[{\"@type\":\"ReadAction\",\"target\":[\"https:\\\/\\\/artsinhealthfoundation.org\\\/ext\\\/les-arts-en-la-salut-arts-in-health\\\/\"]}]},{\"@type\":\"ImageObject\",\"inLanguage\":\"en-US\",\"@id\":\"https:\\\/\\\/artsinhealthfoundation.org\\\/ext\\\/les-arts-en-la-salut-arts-in-health\\\/#primaryimage\",\"url\":\"\",\"contentUrl\":\"\"},{\"@type\":\"BreadcrumbList\",\"@id\":\"https:\\\/\\\/artsinhealthfoundation.org\\\/ext\\\/les-arts-en-la-salut-arts-in-health\\\/#breadcrumb\",\"itemListElement\":[{\"@type\":\"ListItem\",\"position\":1,\"name\":\"Home\",\"item\":\"https:\\\/\\\/artsinhealthfoundation.org\\\/ext\\\/\"},{\"@type\":\"ListItem\",\"position\":2,\"name\":\"Arts en Salut (Arts in Health)\"}]},{\"@type\":\"WebSite\",\"@id\":\"https:\\\/\\\/artsinhealthfoundation.org\\\/ext\\\/#website\",\"url\":\"https:\\\/\\\/artsinhealthfoundation.org\\\/ext\\\/\",\"name\":\"Arts in Health International Foundation\",\"description\":\"Arts in Health International Foundation\",\"potentialAction\":[{\"@type\":\"SearchAction\",\"target\":{\"@type\":\"EntryPoint\",\"urlTemplate\":\"https:\\\/\\\/artsinhealthfoundation.org\\\/ext\\\/?s={search_term_string}\"},\"query-input\":{\"@type\":\"PropertyValueSpecification\",\"valueRequired\":true,\"valueName\":\"search_term_string\"}}],\"inLanguage\":\"en-US\"}]}<\/script>\n<!-- \/ Yoast SEO plugin. -->","yoast_head_json":{"title":"Arts en Salut (Arts in Health) - Arts in Health International Foundation","robots":{"index":"index","follow":"follow","max-snippet":"max-snippet:-1","max-image-preview":"max-image-preview:large","max-video-preview":"max-video-preview:-1"},"canonical":"https:\/\/artsinhealthfoundation.org\/ext\/les-arts-en-la-salut-arts-in-health\/","og_locale":"en_US","og_type":"article","og_title":"Arts en Salut (Arts in Health) - Arts in Health International Foundation","og_description":"En les darreres d\u00e8cades el sector salut ha explorat intensament les contribucions de les Arts en el tractament de les &hellip;","og_url":"https:\/\/artsinhealthfoundation.org\/ext\/les-arts-en-la-salut-arts-in-health\/","og_site_name":"Arts in Health International Foundation","twitter_card":"summary_large_image","twitter_misc":{"Est. reading time":"1 minute"},"schema":{"@context":"https:\/\/schema.org","@graph":[{"@type":"WebPage","@id":"https:\/\/artsinhealthfoundation.org\/ext\/les-arts-en-la-salut-arts-in-health\/","url":"https:\/\/artsinhealthfoundation.org\/ext\/les-arts-en-la-salut-arts-in-health\/","name":"Arts en Salut (Arts in Health) - Arts in Health International Foundation","isPartOf":{"@id":"https:\/\/artsinhealthfoundation.org\/ext\/#website"},"primaryImageOfPage":{"@id":"https:\/\/artsinhealthfoundation.org\/ext\/les-arts-en-la-salut-arts-in-health\/#primaryimage"},"image":{"@id":"https:\/\/artsinhealthfoundation.org\/ext\/les-arts-en-la-salut-arts-in-health\/#primaryimage"},"thumbnailUrl":"","datePublished":"2019-09-13T10:26:52+00:00","breadcrumb":{"@id":"https:\/\/artsinhealthfoundation.org\/ext\/les-arts-en-la-salut-arts-in-health\/#breadcrumb"},"inLanguage":"en-US","potentialAction":[{"@type":"ReadAction","target":["https:\/\/artsinhealthfoundation.org\/ext\/les-arts-en-la-salut-arts-in-health\/"]}]},{"@type":"ImageObject","inLanguage":"en-US","@id":"https:\/\/artsinhealthfoundation.org\/ext\/les-arts-en-la-salut-arts-in-health\/#primaryimage","url":"","contentUrl":""},{"@type":"BreadcrumbList","@id":"https:\/\/artsinhealthfoundation.org\/ext\/les-arts-en-la-salut-arts-in-health\/#breadcrumb","itemListElement":[{"@type":"ListItem","position":1,"name":"Home","item":"https:\/\/artsinhealthfoundation.org\/ext\/"},{"@type":"ListItem","position":2,"name":"Arts en Salut (Arts in Health)"}]},{"@type":"WebSite","@id":"https:\/\/artsinhealthfoundation.org\/ext\/#website","url":"https:\/\/artsinhealthfoundation.org\/ext\/","name":"Arts in Health International Foundation","description":"Arts in Health International Foundation","potentialAction":[{"@type":"SearchAction","target":{"@type":"EntryPoint","urlTemplate":"https:\/\/artsinhealthfoundation.org\/ext\/?s={search_term_string}"},"query-input":{"@type":"PropertyValueSpecification","valueRequired":true,"valueName":"search_term_string"}}],"inLanguage":"en-US"}]}},"jetpack_sharing_enabled":true,"_links":{"self":[{"href":"https:\/\/artsinhealthfoundation.org\/ext\/wp-json\/wp\/v2\/pages\/409","targetHints":{"allow":["GET"]}}],"collection":[{"href":"https:\/\/artsinhealthfoundation.org\/ext\/wp-json\/wp\/v2\/pages"}],"about":[{"href":"https:\/\/artsinhealthfoundation.org\/ext\/wp-json\/wp\/v2\/types\/page"}],"author":[{"embeddable":true,"href":"https:\/\/artsinhealthfoundation.org\/ext\/wp-json\/wp\/v2\/users\/2"}],"replies":[{"embeddable":true,"href":"https:\/\/artsinhealthfoundation.org\/ext\/wp-json\/wp\/v2\/comments?post=409"}],"version-history":[{"count":0,"href":"https:\/\/artsinhealthfoundation.org\/ext\/wp-json\/wp\/v2\/pages\/409\/revisions"}],"wp:featuredmedia":[{"embeddable":true,"href":"https:\/\/artsinhealthfoundation.org\/ext\/wp-json\/"}],"wp:attachment":[{"href":"https:\/\/artsinhealthfoundation.org\/ext\/wp-json\/wp\/v2\/media?parent=409"}],"curies":[{"name":"wp","href":"https:\/\/api.w.org\/{rel}","templated":true}]}}