{"id":418,"date":"2019-09-13T12:42:20","date_gmt":"2019-09-13T10:42:20","guid":{"rendered":"http:\/\/artsinhealthfoundation.org\/web\/?page_id=418"},"modified":"2019-09-13T12:42:20","modified_gmt":"2019-09-13T10:42:20","slug":"conceptes-principals","status":"publish","type":"page","link":"https:\/\/artsinhealthfoundation.org\/ext\/les-arts-en-la-salut-arts-in-health\/conceptes-principals\/","title":{"rendered":"Conceptes principals"},"content":{"rendered":"<p><strong>Actius per a la salut:<\/strong> qualsevol factor o recurs que potencia la capacitat de les persones, les comunitats i les poblacions per mantenir la salut i el benestar. La conceptualitzaci\u00f3 dels actius per a la salut segueix la l\u00f2gica de fer f\u00e0cils i accessibles les opcions sanes, orientades al benestar, al creixement i envelliment saludables.<\/p>\n<p><strong>Salut comunit\u00e0ria:<\/strong> \u00e9s l&#8217;expressi\u00f3 col\u00b7lectiva de la salut d&#8217;una comunitat definida, determinada per la interacci\u00f3 entre les caracter\u00edstiques de les persones, les fam\u00edlies, l&#8217;entorn social, cultural i mediambiental, aix\u00ed com pels serveis sanitaris i la influ\u00e8ncia dels factors socials, pol\u00edtics i globals. Una intervenci\u00f3 comunit\u00e0ria en salut es defineix com una acci\u00f3 presa amb i des de la comunitat a trav\u00e9s d&#8217;un proc\u00e9s de participaci\u00f3.<\/p>\n<p><strong>Model d&#8217;actius comunitaris:<\/strong> metodologia d\u2019intervenci\u00f3 en salut comunit\u00e0ria que posa l&#8217;accent en el desenvolupament de pol\u00edtiques i activitats basades en les habilitats, habilitats i recursos de les persones i barris desafavorits. Aquest m\u00e8tode pret\u00e9n identificar el mapa d&#8217;actius o les fortaleses de la comunitat per descobrir les capacitats individuals, col\u00b7lectives i mediambientals i els talents existents en el context.<\/p>\n<p><strong>Prescripci\u00f3 social:<\/strong> permet a metges, infermeres i altres professionals de l&#8217;atenci\u00f3 prim\u00e0ria adre\u00e7ar els pacients a una s\u00e8rie de serveis comunitaris no cl\u00ednics. Aquest enfocament assistencial parteix del reconeixent que la salut de les persones est\u00e0 determinada principalment per una s\u00e8rie de factors socials, econ\u00f2mics i mediambientals; La prescripci\u00f3 social pret\u00e9n abordar les necessitats de les persones d&#8217;una manera hol\u00edstica tot donant-los suport per tenir un major control de la seva pr\u00f2pia salut. Les accions de prescripci\u00f3 social poden implicar una varietat d&#8217;activitats que s\u00f3n t\u00edpicament proporcionades per les organitzacions comunit\u00e0ries: activitats art\u00edstiques, projectes de voluntariat, aprenentatge en grup, jardineria, cuina i un ampli ventall d\u2019activitats esportives.<\/p>\n<p>&nbsp;<\/p>\n<p><!--more--><strong>Per saber-ne m\u00e9s<\/strong><br \/>\nActius per a la salut:<\/p>\n<p style=\"padding-left: 30px;\">Morgan, A., &amp; Ziglio, E. (2007). Revitalising the evidence base for public health: An assets model. Promotion &amp; Education, 14, 17-22<\/p>\n<p>Salut comunit\u00e0ria:<\/p>\n<p style=\"padding-left: 30px;\">Goodman RA, Bunnell R, Posner SF (October 2014). &#8220;What is &#8220;community health&#8221;? Examining the meaning of an evolving field in public health&#8221;. Preventive Medicine. 67 Suppl 1: S58\u201361.<\/p>\n<p>Model d\u2019actius comunitaris:<\/p>\n<p style=\"padding-left: 30px;\">Kretzman, J.P., &amp; Mcknight, J.L. (1993). Building Communities from the Inside Out: a Path Toward Finding and Mobilizing a Community Assets. Chicago, Illinois: ACTA P\u00fablications.<\/p>\n<p>Prescripci\u00f3 social<\/p>\n<p style=\"padding-left: 30px;\">The King\u2019s Fund. (2017). What is social prescribing?. https:\/\/www.kingsfund.org.uk\/publications\/social-prescribing.<\/p>\n","protected":false},"excerpt":{"rendered":"<p>Actius per a la salut: qualsevol factor o recurs que potencia la capacitat de les persones, les comunitats i les &hellip; <\/p>\n","protected":false},"author":2,"featured_media":0,"parent":409,"menu_order":0,"comment_status":"closed","ping_status":"closed","template":"","meta":{"nf_dc_page":"","om_disable_all_campaigns":false,"footnotes":""},"class_list":["post-418","page","type-page","status-publish","hentry"],"yoast_head":"<!-- This site is optimized with the Yoast SEO plugin v27.5 - https:\/\/yoast.com\/product\/yoast-seo-wordpress\/ -->\n<title>Conceptes principals - Arts in Health International Foundation<\/title>\n<meta name=\"robots\" content=\"index, follow, max-snippet:-1, max-image-preview:large, max-video-preview:-1\" \/>\n<link rel=\"canonical\" href=\"https:\/\/artsinhealthfoundation.org\/ext\/les-arts-en-la-salut-arts-in-health\/conceptes-principals\/\" \/>\n<meta property=\"og:locale\" content=\"en_US\" \/>\n<meta property=\"og:type\" content=\"article\" \/>\n<meta property=\"og:title\" content=\"Conceptes principals - Arts in Health International Foundation\" \/>\n<meta property=\"og:description\" content=\"Actius per a la salut: qualsevol factor o recurs que potencia la capacitat de les persones, les comunitats i les &hellip;\" \/>\n<meta property=\"og:url\" content=\"https:\/\/artsinhealthfoundation.org\/ext\/les-arts-en-la-salut-arts-in-health\/conceptes-principals\/\" \/>\n<meta property=\"og:site_name\" content=\"Arts in Health International Foundation\" \/>\n<meta name=\"twitter:card\" content=\"summary_large_image\" \/>\n<meta name=\"twitter:label1\" content=\"Est. reading time\" \/>\n\t<meta name=\"twitter:data1\" content=\"2 minutes\" \/>\n<script type=\"application\/ld+json\" class=\"yoast-schema-graph\">{\"@context\":\"https:\\\/\\\/schema.org\",\"@graph\":[{\"@type\":\"WebPage\",\"@id\":\"https:\\\/\\\/artsinhealthfoundation.org\\\/ext\\\/les-arts-en-la-salut-arts-in-health\\\/conceptes-principals\\\/\",\"url\":\"https:\\\/\\\/artsinhealthfoundation.org\\\/ext\\\/les-arts-en-la-salut-arts-in-health\\\/conceptes-principals\\\/\",\"name\":\"Conceptes principals - Arts in Health International Foundation\",\"isPartOf\":{\"@id\":\"https:\\\/\\\/artsinhealthfoundation.org\\\/ext\\\/#website\"},\"datePublished\":\"2019-09-13T10:42:20+00:00\",\"breadcrumb\":{\"@id\":\"https:\\\/\\\/artsinhealthfoundation.org\\\/ext\\\/les-arts-en-la-salut-arts-in-health\\\/conceptes-principals\\\/#breadcrumb\"},\"inLanguage\":\"en-US\",\"potentialAction\":[{\"@type\":\"ReadAction\",\"target\":[\"https:\\\/\\\/artsinhealthfoundation.org\\\/ext\\\/les-arts-en-la-salut-arts-in-health\\\/conceptes-principals\\\/\"]}]},{\"@type\":\"BreadcrumbList\",\"@id\":\"https:\\\/\\\/artsinhealthfoundation.org\\\/ext\\\/les-arts-en-la-salut-arts-in-health\\\/conceptes-principals\\\/#breadcrumb\",\"itemListElement\":[{\"@type\":\"ListItem\",\"position\":1,\"name\":\"Home\",\"item\":\"https:\\\/\\\/artsinhealthfoundation.org\\\/ext\\\/\"},{\"@type\":\"ListItem\",\"position\":2,\"name\":\"Arts en Salut (Arts in Health)\",\"item\":\"https:\\\/\\\/artsinhealthfoundation.org\\\/ext\\\/les-arts-en-la-salut-arts-in-health\\\/\"},{\"@type\":\"ListItem\",\"position\":3,\"name\":\"Conceptes principals\"}]},{\"@type\":\"WebSite\",\"@id\":\"https:\\\/\\\/artsinhealthfoundation.org\\\/ext\\\/#website\",\"url\":\"https:\\\/\\\/artsinhealthfoundation.org\\\/ext\\\/\",\"name\":\"Arts in Health International Foundation\",\"description\":\"Arts in Health International Foundation\",\"potentialAction\":[{\"@type\":\"SearchAction\",\"target\":{\"@type\":\"EntryPoint\",\"urlTemplate\":\"https:\\\/\\\/artsinhealthfoundation.org\\\/ext\\\/?s={search_term_string}\"},\"query-input\":{\"@type\":\"PropertyValueSpecification\",\"valueRequired\":true,\"valueName\":\"search_term_string\"}}],\"inLanguage\":\"en-US\"}]}<\/script>\n<!-- \/ Yoast SEO plugin. -->","yoast_head_json":{"title":"Conceptes principals - Arts in Health International Foundation","robots":{"index":"index","follow":"follow","max-snippet":"max-snippet:-1","max-image-preview":"max-image-preview:large","max-video-preview":"max-video-preview:-1"},"canonical":"https:\/\/artsinhealthfoundation.org\/ext\/les-arts-en-la-salut-arts-in-health\/conceptes-principals\/","og_locale":"en_US","og_type":"article","og_title":"Conceptes principals - Arts in Health International Foundation","og_description":"Actius per a la salut: qualsevol factor o recurs que potencia la capacitat de les persones, les comunitats i les &hellip;","og_url":"https:\/\/artsinhealthfoundation.org\/ext\/les-arts-en-la-salut-arts-in-health\/conceptes-principals\/","og_site_name":"Arts in Health International Foundation","twitter_card":"summary_large_image","twitter_misc":{"Est. reading time":"2 minutes"},"schema":{"@context":"https:\/\/schema.org","@graph":[{"@type":"WebPage","@id":"https:\/\/artsinhealthfoundation.org\/ext\/les-arts-en-la-salut-arts-in-health\/conceptes-principals\/","url":"https:\/\/artsinhealthfoundation.org\/ext\/les-arts-en-la-salut-arts-in-health\/conceptes-principals\/","name":"Conceptes principals - Arts in Health International Foundation","isPartOf":{"@id":"https:\/\/artsinhealthfoundation.org\/ext\/#website"},"datePublished":"2019-09-13T10:42:20+00:00","breadcrumb":{"@id":"https:\/\/artsinhealthfoundation.org\/ext\/les-arts-en-la-salut-arts-in-health\/conceptes-principals\/#breadcrumb"},"inLanguage":"en-US","potentialAction":[{"@type":"ReadAction","target":["https:\/\/artsinhealthfoundation.org\/ext\/les-arts-en-la-salut-arts-in-health\/conceptes-principals\/"]}]},{"@type":"BreadcrumbList","@id":"https:\/\/artsinhealthfoundation.org\/ext\/les-arts-en-la-salut-arts-in-health\/conceptes-principals\/#breadcrumb","itemListElement":[{"@type":"ListItem","position":1,"name":"Home","item":"https:\/\/artsinhealthfoundation.org\/ext\/"},{"@type":"ListItem","position":2,"name":"Arts en Salut (Arts in Health)","item":"https:\/\/artsinhealthfoundation.org\/ext\/les-arts-en-la-salut-arts-in-health\/"},{"@type":"ListItem","position":3,"name":"Conceptes principals"}]},{"@type":"WebSite","@id":"https:\/\/artsinhealthfoundation.org\/ext\/#website","url":"https:\/\/artsinhealthfoundation.org\/ext\/","name":"Arts in Health International Foundation","description":"Arts in Health International Foundation","potentialAction":[{"@type":"SearchAction","target":{"@type":"EntryPoint","urlTemplate":"https:\/\/artsinhealthfoundation.org\/ext\/?s={search_term_string}"},"query-input":{"@type":"PropertyValueSpecification","valueRequired":true,"valueName":"search_term_string"}}],"inLanguage":"en-US"}]}},"jetpack_sharing_enabled":true,"_links":{"self":[{"href":"https:\/\/artsinhealthfoundation.org\/ext\/wp-json\/wp\/v2\/pages\/418","targetHints":{"allow":["GET"]}}],"collection":[{"href":"https:\/\/artsinhealthfoundation.org\/ext\/wp-json\/wp\/v2\/pages"}],"about":[{"href":"https:\/\/artsinhealthfoundation.org\/ext\/wp-json\/wp\/v2\/types\/page"}],"author":[{"embeddable":true,"href":"https:\/\/artsinhealthfoundation.org\/ext\/wp-json\/wp\/v2\/users\/2"}],"replies":[{"embeddable":true,"href":"https:\/\/artsinhealthfoundation.org\/ext\/wp-json\/wp\/v2\/comments?post=418"}],"version-history":[{"count":0,"href":"https:\/\/artsinhealthfoundation.org\/ext\/wp-json\/wp\/v2\/pages\/418\/revisions"}],"up":[{"embeddable":true,"href":"https:\/\/artsinhealthfoundation.org\/ext\/wp-json\/wp\/v2\/pages\/409"}],"wp:attachment":[{"href":"https:\/\/artsinhealthfoundation.org\/ext\/wp-json\/wp\/v2\/media?parent=418"}],"curies":[{"name":"wp","href":"https:\/\/api.w.org\/{rel}","templated":true}]}}