{"id":747,"date":"2021-07-22T09:10:32","date_gmt":"2021-07-22T07:10:32","guid":{"rendered":"http:\/\/artsinhealthfoundation.org\/web\/?page_id=747"},"modified":"2021-07-22T09:10:32","modified_gmt":"2021-07-22T07:10:32","slug":"transparencia","status":"publish","type":"page","link":"https:\/\/artsinhealthfoundation.org\/ext\/transparencia\/","title":{"rendered":"Transpar\u00e8ncia"},"content":{"rendered":"<p>En compliment de l\u2019Ordre JUS\/152\/2018, de 12 de setembre, per la qual s&#8217;estableix el nivell de subjecci\u00f3 de les fundacions i de les associacions declarades d&#8217;utilitat p\u00fablica als instruments de transpar\u00e8ncia establerts per la Llei 21\/2014, del 29 de desembre, del protectorat de les fundacions i de verificaci\u00f3 de l&#8217;activitat de les associacions declarades d&#8217;utilitat p\u00fablica i, d&#8217;altra banda, de la Llei 19\/2014, del 29 de desembre, de transpare\u0300ncia, acce\u0301s a la informacio\u0301 pu\u0301blica i bon govern (Llei 19\/2014), desenvolupada pel Decret 8\/2021, de 9 de febrer, en aquest apartat es poden consultar:<\/p>\n<ul>\n<li>Els\u00a0<a href=\"http:\/\/artsinhealthfoundation.org\/web\/wp-content\/uploads\/2021\/07\/TEXT-REFO%CC%81S-ESTATUTS-FAiHI_signed.pdf\" target=\"_blank\" rel=\"noopener\">Estatuts<\/a> de la Fundaci\u00f3 Arts in Health International Foundation<\/li>\n<li>Els <a href=\"http:\/\/artsinhealthfoundation.org\/web\/wp-content\/uploads\/2021\/07\/comptes_20_signed.pdf\" target=\"_blank\" rel=\"noopener\">comptes anuals de l&#8217;any 2020<\/a><\/li>\n<li>Els <a href=\"http:\/\/artsinhealthfoundation.org\/web\/wp-content\/uploads\/2021\/07\/comptes_20_signed.pdf\" target=\"_blank\" rel=\"noopener\">comptes anuals de l&#8217;any 2019<\/a><\/li>\n<\/ul>\n","protected":false},"excerpt":{"rendered":"<p>En compliment de l\u2019Ordre JUS\/152\/2018, de 12 de setembre, per la qual s&#8217;estableix el nivell de subjecci\u00f3 de les fundacions &hellip; <\/p>\n","protected":false},"author":1,"featured_media":0,"parent":0,"menu_order":0,"comment_status":"closed","ping_status":"closed","template":"","meta":{"nf_dc_page":"","om_disable_all_campaigns":false,"footnotes":""},"class_list":["post-747","page","type-page","status-publish","hentry"],"yoast_head":"<!-- This site is optimized with the Yoast SEO plugin v27.5 - https:\/\/yoast.com\/product\/yoast-seo-wordpress\/ -->\n<title>Transpar\u00e8ncia - Arts in Health International Foundation<\/title>\n<meta name=\"robots\" content=\"index, follow, max-snippet:-1, max-image-preview:large, max-video-preview:-1\" \/>\n<link rel=\"canonical\" href=\"https:\/\/artsinhealthfoundation.org\/ext\/transparencia\/\" \/>\n<meta property=\"og:locale\" content=\"en_US\" \/>\n<meta property=\"og:type\" content=\"article\" \/>\n<meta property=\"og:title\" content=\"Transpar\u00e8ncia - Arts in Health International Foundation\" \/>\n<meta property=\"og:description\" content=\"En compliment de l\u2019Ordre JUS\/152\/2018, de 12 de setembre, per la qual s&#8217;estableix el nivell de subjecci\u00f3 de les fundacions &hellip;\" \/>\n<meta property=\"og:url\" content=\"https:\/\/artsinhealthfoundation.org\/ext\/transparencia\/\" \/>\n<meta property=\"og:site_name\" content=\"Arts in Health International Foundation\" \/>\n<meta name=\"twitter:card\" content=\"summary_large_image\" \/>\n<meta name=\"twitter:label1\" content=\"Est. reading time\" \/>\n\t<meta name=\"twitter:data1\" content=\"1 minute\" \/>\n<script type=\"application\/ld+json\" class=\"yoast-schema-graph\">{\"@context\":\"https:\\\/\\\/schema.org\",\"@graph\":[{\"@type\":\"WebPage\",\"@id\":\"https:\\\/\\\/artsinhealthfoundation.org\\\/ext\\\/transparencia\\\/\",\"url\":\"https:\\\/\\\/artsinhealthfoundation.org\\\/ext\\\/transparencia\\\/\",\"name\":\"Transpar\u00e8ncia - Arts in Health International Foundation\",\"isPartOf\":{\"@id\":\"https:\\\/\\\/artsinhealthfoundation.org\\\/ext\\\/#website\"},\"datePublished\":\"2021-07-22T07:10:32+00:00\",\"breadcrumb\":{\"@id\":\"https:\\\/\\\/artsinhealthfoundation.org\\\/ext\\\/transparencia\\\/#breadcrumb\"},\"inLanguage\":\"en-US\",\"potentialAction\":[{\"@type\":\"ReadAction\",\"target\":[\"https:\\\/\\\/artsinhealthfoundation.org\\\/ext\\\/transparencia\\\/\"]}]},{\"@type\":\"BreadcrumbList\",\"@id\":\"https:\\\/\\\/artsinhealthfoundation.org\\\/ext\\\/transparencia\\\/#breadcrumb\",\"itemListElement\":[{\"@type\":\"ListItem\",\"position\":1,\"name\":\"Home\",\"item\":\"https:\\\/\\\/artsinhealthfoundation.org\\\/ext\\\/\"},{\"@type\":\"ListItem\",\"position\":2,\"name\":\"Transpar\u00e8ncia\"}]},{\"@type\":\"WebSite\",\"@id\":\"https:\\\/\\\/artsinhealthfoundation.org\\\/ext\\\/#website\",\"url\":\"https:\\\/\\\/artsinhealthfoundation.org\\\/ext\\\/\",\"name\":\"Arts in Health International Foundation\",\"description\":\"Arts in Health International Foundation\",\"potentialAction\":[{\"@type\":\"SearchAction\",\"target\":{\"@type\":\"EntryPoint\",\"urlTemplate\":\"https:\\\/\\\/artsinhealthfoundation.org\\\/ext\\\/?s={search_term_string}\"},\"query-input\":{\"@type\":\"PropertyValueSpecification\",\"valueRequired\":true,\"valueName\":\"search_term_string\"}}],\"inLanguage\":\"en-US\"}]}<\/script>\n<!-- \/ Yoast SEO plugin. -->","yoast_head_json":{"title":"Transpar\u00e8ncia - Arts in Health International Foundation","robots":{"index":"index","follow":"follow","max-snippet":"max-snippet:-1","max-image-preview":"max-image-preview:large","max-video-preview":"max-video-preview:-1"},"canonical":"https:\/\/artsinhealthfoundation.org\/ext\/transparencia\/","og_locale":"en_US","og_type":"article","og_title":"Transpar\u00e8ncia - Arts in Health International Foundation","og_description":"En compliment de l\u2019Ordre JUS\/152\/2018, de 12 de setembre, per la qual s&#8217;estableix el nivell de subjecci\u00f3 de les fundacions &hellip;","og_url":"https:\/\/artsinhealthfoundation.org\/ext\/transparencia\/","og_site_name":"Arts in Health International Foundation","twitter_card":"summary_large_image","twitter_misc":{"Est. reading time":"1 minute"},"schema":{"@context":"https:\/\/schema.org","@graph":[{"@type":"WebPage","@id":"https:\/\/artsinhealthfoundation.org\/ext\/transparencia\/","url":"https:\/\/artsinhealthfoundation.org\/ext\/transparencia\/","name":"Transpar\u00e8ncia - Arts in Health International Foundation","isPartOf":{"@id":"https:\/\/artsinhealthfoundation.org\/ext\/#website"},"datePublished":"2021-07-22T07:10:32+00:00","breadcrumb":{"@id":"https:\/\/artsinhealthfoundation.org\/ext\/transparencia\/#breadcrumb"},"inLanguage":"en-US","potentialAction":[{"@type":"ReadAction","target":["https:\/\/artsinhealthfoundation.org\/ext\/transparencia\/"]}]},{"@type":"BreadcrumbList","@id":"https:\/\/artsinhealthfoundation.org\/ext\/transparencia\/#breadcrumb","itemListElement":[{"@type":"ListItem","position":1,"name":"Home","item":"https:\/\/artsinhealthfoundation.org\/ext\/"},{"@type":"ListItem","position":2,"name":"Transpar\u00e8ncia"}]},{"@type":"WebSite","@id":"https:\/\/artsinhealthfoundation.org\/ext\/#website","url":"https:\/\/artsinhealthfoundation.org\/ext\/","name":"Arts in Health International Foundation","description":"Arts in Health International Foundation","potentialAction":[{"@type":"SearchAction","target":{"@type":"EntryPoint","urlTemplate":"https:\/\/artsinhealthfoundation.org\/ext\/?s={search_term_string}"},"query-input":{"@type":"PropertyValueSpecification","valueRequired":true,"valueName":"search_term_string"}}],"inLanguage":"en-US"}]}},"jetpack_sharing_enabled":true,"_links":{"self":[{"href":"https:\/\/artsinhealthfoundation.org\/ext\/wp-json\/wp\/v2\/pages\/747","targetHints":{"allow":["GET"]}}],"collection":[{"href":"https:\/\/artsinhealthfoundation.org\/ext\/wp-json\/wp\/v2\/pages"}],"about":[{"href":"https:\/\/artsinhealthfoundation.org\/ext\/wp-json\/wp\/v2\/types\/page"}],"author":[{"embeddable":true,"href":"https:\/\/artsinhealthfoundation.org\/ext\/wp-json\/wp\/v2\/users\/1"}],"replies":[{"embeddable":true,"href":"https:\/\/artsinhealthfoundation.org\/ext\/wp-json\/wp\/v2\/comments?post=747"}],"version-history":[{"count":0,"href":"https:\/\/artsinhealthfoundation.org\/ext\/wp-json\/wp\/v2\/pages\/747\/revisions"}],"wp:attachment":[{"href":"https:\/\/artsinhealthfoundation.org\/ext\/wp-json\/wp\/v2\/media?parent=747"}],"curies":[{"name":"wp","href":"https:\/\/api.w.org\/{rel}","templated":true}]}}