{"id":619,"date":"2019-09-13T12:26:52","date_gmt":"2019-09-13T10:26:52","guid":{"rendered":"http:\/\/artsinhealthfoundation.org\/web\/?page_id=619"},"modified":"2024-01-13T13:40:21","modified_gmt":"2024-01-13T11:40:21","slug":"artes-en-salut-arts-in-health","status":"publish","type":"page","link":"https:\/\/artsinhealthfoundation.org\/web\/artes-en-salut-arts-in-health\/","title":{"rendered":"Las Artes en la Salud (Arts in Health)"},"content":{"rendered":"<p>En las \u00faltimas d\u00e9cadas el sector salud ha explorado intensamente las contribuciones de las Artes en el tratamiento de las enfermedades y en las intervenciones de prevenci\u00f3n y promoci\u00f3n de la salud.<\/p>\n<p>Este inter\u00e9s parte de la visi\u00f3n hol\u00edstica y biopsicosocial que fue impulsada por la OMS con una definici\u00f3n que se ha convertido paradigm\u00e1tica: &#8220;Salud es un estado de bienestar f\u00edsico completo, mental y social, y no solamente la ausencia de afecciones o enfermedades &#8220;.<\/p>\n<p>Entendemos la disciplina de las Artes en la salud (Arts in Health) como un abanico muy amplio de actividades que el sector art\u00edstico y el entorno comunitario ponen a disposici\u00f3n de los profesionales de la salud a la hora de abordar una patolog\u00eda concreta: ya sean como intervenciones en un plan terap\u00e9utico o en sus actividades de prevenci\u00f3n y promoci\u00f3n de la salud de una poblaci\u00f3n.<\/p>\n<hr \/>\n<p>Para conocer el estado de la cuesti\u00f3n del \u00e1mbito de las Artes en Salud (Arts in Health) recomendamos este recurso de la Organizaci\u00f3n Mundial de la Salud (OMS):<\/p>\n<p><strong><em><a href=\"https:\/\/www.euro.who.int\/en\/publications\/abstracts\/what-is-the-evidence-on-the-role-of-the-arts-in-improving-health-and-well-being-a-scoping-review-2019\" target=\"_blank\" rel=\"noopener\"><img loading=\"lazy\" decoding=\"async\" class=\"alignleft wp-image-621 size-medium\" src=\"http:\/\/artsinhealthfoundation.org\/web\/wp-content\/uploads\/2020\/11\/evidence_arts_in_health_who-1-300x163.png\" alt=\"\" width=\"300\" height=\"163\" srcset=\"https:\/\/artsinhealthfoundation.org\/web\/wp-content\/uploads\/2020\/11\/evidence_arts_in_health_who-1-300x163.png 300w, https:\/\/artsinhealthfoundation.org\/web\/wp-content\/uploads\/2020\/11\/evidence_arts_in_health_who-1.png 522w\" sizes=\"auto, (max-width: 300px) 100vw, 300px\" \/><\/a>What is the evidence on the role of the arts in improving health and well-being? A scoping review<\/em>\u00a0<\/strong><br \/>\nDaisy Fancourt, Saoirse Finn<br \/>\nHealth Evidence Network synthesis report 67, 2019<br \/>\nWorld Health Organization<\/p>\n<p><a href=\"http:\/\/www.euro.who.int\/en\/publications\/abstracts\/what-is-the-evidence-on-the-role-of-the-arts-in-improving-health-and-well-being-a-scoping-review-2019\">enlace al documento y PDF descargable<\/a><\/p>\n<p>Para una revisi\u00f3n cr\u00edtica del Report, pod\u00e9is consultar Clift, Stephen. (2020). Fancourt, D. and Finn, S. (2019) What is the evidence on the role of the arts in improving health and well-being? A scoping review.\u00abNordic Journal of Arts, Culture and Health\u00bb. Vol. 2. No. 1 p. 77-83\u00a0 [<a href=\"https:\/\/www.idunn.no\/nordic_journal_of_arts_culture_and_health\/2020\/01\/fancourt_d_and_finn_s_2019_what_is_the_evidence_on_t\" target=\"_blank\" rel=\"noopener\">enlace<\/a>]<\/p>\n<hr \/>\n<p>&nbsp;<\/p>\n<pre>--&gt; <a href=\"http:\/\/artsinhealthfoundation.org\/web\/arts-i-salut\/conceptes-principals\/\" target=\"_blank\" rel=\"noopener\">Conceptos\u00a0b\u00e1sicos\u00a0de\u00a0Artes\u00a0en\u00a0Salud<\/a>\r\n \r\n--&gt; <a href=\"https:\/\/www.cultureforhealth.eu\/mapping\/\" target=\"_blank\" rel=\"noopener\">Mapping of Initiatives on Culture, Health and Well-being<\/a> \r\nCultureForHealth<\/pre>\n","protected":false},"excerpt":{"rendered":"<p>En las \u00faltimas d\u00e9cadas el sector salud ha explorado intensamente las contribuciones de las Artes en el tratamiento de las&hellip;<\/p>\n","protected":false},"author":1,"featured_media":400,"parent":0,"menu_order":1,"comment_status":"closed","ping_status":"closed","template":"","meta":{"footnotes":""},"class_list":["post-619","page","type-page","status-publish","has-post-thumbnail","hentry"],"_links":{"self":[{"href":"https:\/\/artsinhealthfoundation.org\/web\/wp-json\/wp\/v2\/pages\/619","targetHints":{"allow":["GET"]}}],"collection":[{"href":"https:\/\/artsinhealthfoundation.org\/web\/wp-json\/wp\/v2\/pages"}],"about":[{"href":"https:\/\/artsinhealthfoundation.org\/web\/wp-json\/wp\/v2\/types\/page"}],"author":[{"embeddable":true,"href":"https:\/\/artsinhealthfoundation.org\/web\/wp-json\/wp\/v2\/users\/1"}],"replies":[{"embeddable":true,"href":"https:\/\/artsinhealthfoundation.org\/web\/wp-json\/wp\/v2\/comments?post=619"}],"version-history":[{"count":11,"href":"https:\/\/artsinhealthfoundation.org\/web\/wp-json\/wp\/v2\/pages\/619\/revisions"}],"predecessor-version":[{"id":1046,"href":"https:\/\/artsinhealthfoundation.org\/web\/wp-json\/wp\/v2\/pages\/619\/revisions\/1046"}],"wp:featuredmedia":[{"embeddable":true,"href":"https:\/\/artsinhealthfoundation.org\/web\/wp-json\/wp\/v2\/media\/400"}],"wp:attachment":[{"href":"https:\/\/artsinhealthfoundation.org\/web\/wp-json\/wp\/v2\/media?parent=619"}],"curies":[{"name":"wp","href":"https:\/\/api.w.org\/{rel}","templated":true}]}}