{"id":635,"date":"2018-09-15T11:11:49","date_gmt":"2018-09-15T09:11:49","guid":{"rendered":"http:\/\/artsinhealthfoundation.org\/web\/?page_id=635"},"modified":"2024-02-22T18:38:01","modified_gmt":"2024-02-22T16:38:01","slug":"quienes-somos","status":"publish","type":"page","link":"https:\/\/artsinhealthfoundation.org\/web\/quienes-somos\/","title":{"rendered":"Qui\u00e9nes somos"},"content":{"rendered":"<p>La Fundaci\u00f3n Arts in Health International Foundation (AiHIF) se funda en Barcelona el a\u00f1o 2018 por parte de un reconocido grupo de profesionales de los \u00e1mbitos de la salud y la cultura interesados \u200b\u200ben poner en valor el potencial de las artes en la mejora de la salud de las personas y las sociedades.<\/p>\n<p>La AiHIF nace con una clara voluntad internacional, con el fin de convertirse en un punto de encuentro de las diferentes experiencias y aproximaciones de las Artes en la salud de todo el mundo; Con la ambici\u00f3n de convertirnos en uno de los principales referentes mundiales en el \u00e1mbito de la Artes in Health contribuyendo decisivamente en su expansi\u00f3n y consolidaci\u00f3n dentro de las pol\u00edticas de salud, bienestar y cultura.<\/p>\n<hr \/>\n<p style=\"text-align: center;\"><strong><span style=\"color: #000080;\">Valores de la Fundaci\u00f3n Arts in Health International Foundation\u00a0<\/span><\/strong><\/p>\n<blockquote><p>Interdisciplinariedad (salud, cultura, bienestar)<br \/>\nRigor, evidencia y calidad<br \/>\nVocaci\u00f3n internacional<br \/>\nAgente de cambio y Progreso social<\/p><\/blockquote>\n<hr \/>\n<p><strong><span style=\"color: #000080;\">Patronato de la Fundaci\u00f3n<\/span><\/strong><\/p>\n<p>Seg\u00fan el art\u00edculo 332-10.1 del C\u00f3digo Civil de Catalu\u00f1a, &#8220;los patrones no pueden ser retribuidos en ning\u00fan caso por raz\u00f3n de su cargo de patr\u00f3n&#8221;. Ning\u00fan miembro del Patronato de la AiHIF percibe ning\u00fan tipo de retribuci\u00f3n por su dedicaci\u00f3n a la entidad.<\/p>\n<p>&nbsp;<\/p>\n<p><span style=\"color: #000000;\"><span lang=\"CA\" style=\"margin: 0px; font-family: 'Times New Roman',serif;\">\u2013<span style=\"font: 7pt 'Times New Roman'; margin: 0px; font-size-adjust: none; font-stretch: normal;\">\u00a0\u00a0\u00a0\u00a0\u00a0\u00a0\u00a0\u00a0 <\/span><\/span><span lang=\"CA\"><span style=\"font-family: Calibri;\"><strong>David Elvira<\/strong>, Patr\u00f3n y Presidente de la Fundaci\u00f3n \u00a0<a href=\"https:\/\/www.linkedin.com\/in\/david-elvira-6722482b\/\" target=\"_blank\" rel=\"noopener\">bio<\/a><\/span><\/span><\/span><\/p>\n<p><span style=\"color: #000000;\"><span lang=\"CA\" style=\"margin: 0px; font-family: 'Times New Roman',serif;\">\u2013<span style=\"font: 7pt 'Times New Roman'; margin: 0px; font-size-adjust: none; font-stretch: normal;\">\u00a0\u00a0\u00a0\u00a0\u00a0\u00a0\u00a0\u00a0 <\/span><\/span><span lang=\"CA\"><span style=\"font-family: Calibri;\"><strong>Jordi Sellas<\/strong>,\u00a0Patr\u00f3n y Vice-Presidente de la Fundaci\u00f3n\u00a0\u00a0<a href=\"https:\/\/www.linkedin.com\/in\/jordisellas\/\" target=\"_blank\" rel=\"noopener\">bio<\/a><b><\/b><\/span><\/span><\/span><\/p>\n<p><span style=\"color: #000000;\"><span lang=\"CA\" style=\"margin: 0px; font-family: 'Times New Roman',serif;\">\u2013<span style=\"font: 7pt 'Times New Roman'; margin: 0px; font-size-adjust: none; font-stretch: normal;\">\u00a0\u00a0\u00a0\u00a0\u00a0\u00a0\u00a0\u00a0 <\/span><\/span><span lang=\"CA\"><span style=\"font-family: Calibri;\"><strong>Cristina Dom\u00e8nech<\/strong>, Patrona\u00a0 <a href=\"https:\/\/www.linkedin.com\/in\/cdomenechv\/\" target=\"_blank\" rel=\"noopener\">bio<\/a><\/span><\/span><\/span><\/p>\n<p><span style=\"color: #000000;\"><span lang=\"CA\" style=\"margin: 0px; font-family: 'Times New Roman',serif;\">\u2013<span style=\"font: 7pt 'Times New Roman'; margin: 0px; font-size-adjust: none; font-stretch: normal;\">\u00a0\u00a0\u00a0\u00a0\u00a0\u00a0\u00a0\u00a0 <\/span><\/span><span lang=\"CA\"><span style=\"font-family: Calibri;\"><strong>Cristina Nadal<\/strong>, Patrona\u00a0\u00a0<a href=\"https:\/\/www.linkedin.com\/in\/cristina-nadal-sanmartin-35848990\/?lipi=urn%3Ali%3Apage%3Ad_flagship3_search_srp_top%3B3Bk1ao%2BnR%2BKw6RHzgisvKA%3D%3D&amp;licu=urn%3Ali%3Acontrol%3Ad_flagship3_search_srp_top-search_srp_result&amp;lici=fR0fbaFITlKUPYn8Zaa%2FQg%3D%3D\" target=\"_blank\" rel=\"noopener\">bio<\/a><\/span><\/span><\/span><\/p>\n<p><span style=\"color: #000000;\"><span lang=\"CA\" style=\"margin: 0px; font-family: 'Times New Roman',serif;\">\u2013<span style=\"font: 7pt 'Times New Roman'; margin: 0px; font-size-adjust: none; font-stretch: normal;\">\u00a0\u00a0\u00a0\u00a0\u00a0\u00a0\u00a0\u00a0 <\/span><\/span><span lang=\"CA\"><span style=\"font-family: Calibri;\"><strong>Jordi Blanch<\/strong>, Patr\u00f3n\u00a0\u00a0<a href=\"https:\/\/www.linkedin.com\/in\/jordi-blanch-andreu-06341831\/\" target=\"_blank\" rel=\"noopener\">bio<\/a><\/span><\/span><\/span><\/p>\n<p><span style=\"color: #000000;\"><span lang=\"CA\" style=\"margin: 0px; font-family: 'Times New Roman',serif;\">\u2013<span style=\"font: 7pt 'Times New Roman'; margin: 0px; font-size-adjust: none; font-stretch: normal;\">\u00a0 \u00a0 \u00a0 \u00a0 <\/span><\/span><span lang=\"CA\"><span style=\"font-family: Calibri;\"><strong>\u00a0Guillem d&#8217;Efak Fullana<\/strong>, Patr\u00f3n\u00a0\u00a0<a href=\"https:\/\/www.linkedin.com\/in\/guillemdefak\/\" target=\"_blank\" rel=\"noopener\">bio<\/a>\u00a0<\/span><\/span><\/span><\/p>\n<p><span style=\"color: #000000;\"><span lang=\"CA\" style=\"margin: 0px; font-family: 'Times New Roman',serif;\">\u2013<span style=\"font: 7pt 'Times New Roman'; margin: 0px; font-size-adjust: none; font-stretch: normal;\">\u00a0\u00a0\u00a0\u00a0\u00a0\u00a0\u00a0\u00a0 <\/span><\/span><span lang=\"CA\"><span style=\"font-family: Calibri;\"><strong>Ferran Juli\u00e0<\/strong>, Patr\u00f3n y Secretario de la Fundaci\u00f3n\u00a0\u00a0<a href=\"https:\/\/www.linkedin.com\/in\/ferran-juli%C3%A0-moli-b247b940\/\" target=\"_blank\" rel=\"noopener\">bio<\/a><\/span><\/span><\/span><\/p>\n<p>&nbsp;<\/p>\n<p><strong><span style=\"color: #000080;\">Equipo<\/span><\/strong><\/p>\n<p><span style=\"color: #000000;\"><span lang=\"CA\" style=\"margin: 0px; font-family: 'Times New Roman',serif;\">\u2013<span style=\"font: 7pt 'Times New Roman'; margin: 0px; font-size-adjust: none; font-stretch: normal;\">\u00a0 \u00a0 \u00a0 \u00a0 <\/span><\/span><span lang=\"CA\"><span style=\"font-family: Calibri;\"><strong>\u00a0\u00cdngrid Campdelacreu<\/strong>, Responsable de Producci\u00f3n y gesti\u00f3n de proyectos\u00a0<a href=\"https:\/\/www.linkedin.com\/in\/ingrid-campdelacreu-3b765a240\/\" target=\"_blank\" rel=\"noopener\">bio<\/a><\/span><\/span><\/span><\/p>\n<p><span style=\"color: #000000;\"><span lang=\"CA\" style=\"margin: 0px; font-family: 'Times New Roman',serif;\">\u2013<span style=\"font: 7pt 'Times New Roman'; margin: 0px; font-size-adjust: none; font-stretch: normal;\">\u00a0 \u00a0 \u00a0 \u00a0 <\/span><\/span><span lang=\"CA\"><span style=\"font-family: Calibri;\">\u00a0<strong>Marina Castill\u00f3n<\/strong>, Redes y Comunidad\u00a0<a href=\"https:\/\/www.linkedin.com\/in\/marinacastillon\/\" target=\"_blank\" rel=\"noopener\">bio<\/a><\/span><\/span><\/span><\/p>\n<p><span style=\"color: #000000;\"><span lang=\"CA\"><span style=\"font-family: Calibri;\"><strong><span lang=\"CA\" style=\"margin: 0px; font-family: 'Times New Roman',serif;\">\u2013<span style=\"font: 7pt 'Times New Roman'; margin: 0px; font-size-adjust: none; font-stretch: normal;\">\u00a0 \u00a0 \u00a0 \u00a0 <\/span><\/span>Mar Novell<\/strong>, Prensa y Comunicaci\u00f3n\u00a0<a href=\"https:\/\/www.instagram.com\/mnovellpuig\/\" target=\"_blank\" rel=\"noopener\">bio<\/a><\/span><\/span><\/span><\/p>\n<p>&nbsp;<\/p>\n<p>&nbsp;<\/p>\n<style type=\"text\/css\">\n\t#mc_embed_signup{background:#fff; clear:left; font:14px Helvetica,Arial,sans-serif; width:100%;}<br \/>\t\/* Add your own Mailchimp form style overrides in your site stylesheet or in this style block.<br \/>\t   We recommend moving this block and the preceding CSS link to the HEAD of your HTML file. *\/<br \/><\/style>\n<div id=\"mc_embed_signup\">\n<form id=\"mc-embedded-subscribe-form\" class=\"validate\" action=\"https:\/\/artsinhealthfoundation.us1.list-manage.com\/subscribe\/post?u=3c8bfe2a17bac029410fc1225&amp;id=b46c6fb6bf\" method=\"post\" name=\"mc-embedded-subscribe-form\" novalidate=\"\" target=\"_blank\">\n<div id=\"mc_embed_signup_scroll\"><label for=\"mce-EMAIL\">Newsletter<\/label><br \/>\n<input id=\"mce-EMAIL\" class=\"email\" name=\"EMAIL\" required=\"\" type=\"email\" value=\"\" placeholder=\"email address\" \/><br \/>\n<!-- real people should not fill this in and expect good things - do not remove this or risk form bot signups--><\/p>\n<div style=\"position: absolute; left: -5000px;\" aria-hidden=\"true\"><input tabindex=\"-1\" name=\"b_3c8bfe2a17bac029410fc1225_b46c6fb6bf\" type=\"text\" value=\"\" \/><\/div>\n<div class=\"clear foot\"><input id=\"mc-embedded-subscribe\" class=\"button\" name=\"subscribe\" type=\"submit\" value=\"Subscribe\" \/><\/div>\n<p>&nbsp;<\/p>\n<\/div>\n<\/form>\n<\/div>\n","protected":false},"excerpt":{"rendered":"<p>La Fundaci\u00f3n Arts in Health International Foundation (AiHIF) se funda en Barcelona el a\u00f1o 2018 por parte de un reconocido&hellip;<\/p>\n","protected":false},"author":1,"featured_media":396,"parent":0,"menu_order":2,"comment_status":"closed","ping_status":"closed","template":"","meta":{"footnotes":""},"class_list":["post-635","page","type-page","status-publish","has-post-thumbnail","hentry"],"_links":{"self":[{"href":"https:\/\/artsinhealthfoundation.org\/web\/wp-json\/wp\/v2\/pages\/635","targetHints":{"allow":["GET"]}}],"collection":[{"href":"https:\/\/artsinhealthfoundation.org\/web\/wp-json\/wp\/v2\/pages"}],"about":[{"href":"https:\/\/artsinhealthfoundation.org\/web\/wp-json\/wp\/v2\/types\/page"}],"author":[{"embeddable":true,"href":"https:\/\/artsinhealthfoundation.org\/web\/wp-json\/wp\/v2\/users\/1"}],"replies":[{"embeddable":true,"href":"https:\/\/artsinhealthfoundation.org\/web\/wp-json\/wp\/v2\/comments?post=635"}],"version-history":[{"count":7,"href":"https:\/\/artsinhealthfoundation.org\/web\/wp-json\/wp\/v2\/pages\/635\/revisions"}],"predecessor-version":[{"id":1113,"href":"https:\/\/artsinhealthfoundation.org\/web\/wp-json\/wp\/v2\/pages\/635\/revisions\/1113"}],"wp:featuredmedia":[{"embeddable":true,"href":"https:\/\/artsinhealthfoundation.org\/web\/wp-json\/wp\/v2\/media\/396"}],"wp:attachment":[{"href":"https:\/\/artsinhealthfoundation.org\/web\/wp-json\/wp\/v2\/media?parent=635"}],"curies":[{"name":"wp","href":"https:\/\/api.w.org\/{rel}","templated":true}]}}